prime factors of k?
3, 17
Suppose 0 = -5*h - 11 - 24. Let a(g) = g**3 + 9*g**2 + 11*g + 4. Let f be a(h). Let z = f - 16. What are the prime factors of z?
3
Suppose -z = -2*f - 1484, 15*z = 14*z - 5*f + 1470. What are the prime factors of z?
2, 5, 37
Suppose 31*f - 28*f = 42. Let b = f - -94. List the prime factors of b.
2, 3
Suppose 0 = 17*r - 13*r - 1372. Let z = 484 - r. List the prime factors of z.
3, 47
Let j = -91 - -40. List the prime factors of -4 + 0/(-2) - j.
47
Suppose -6*l - 3366 = -15*l. Suppose 4*g = 5*m - 126 - 341, 3*g + l = 4*m. List the prime factors of m.
5, 19
Let l(z) = z - 4. Let o be l(15). Let y(p) = -p**3 + 10*p**2 + 13*p + 12. What are the prime factors of y(o)?
2, 17
Let f be (-1 - -2)/((-8)/(-200)). Let j = f + 48. List the prime factors of j.
73
Let t(q) = -6*q - 4. Let a(r) = -5*r - 3. Let k(g) = 4*a(g) - 3*t(g). List the prime factors of k(-3).
2, 3
Suppose -305 = 4*q - 5*q. What are the prime factors of q?
5, 61
Let a be 15*((-4)/(-3) - 0). Suppose 0 = 49*l - 47*l - 20. Let t = a - l. List the prime factors of t.
2, 5
Suppose 4*z = -0*w - 3*w + 137, 0 = -2*z + 10. Let a = -15 + w. Let t = -13 + a. List the prime factors of t.
11
Let z = 1734 - 514. List the prime factors of z.
2, 5, 61
Suppose 2*h - 2*g - 57 = 3*g, -4*h - 4*g + 44 = 0. Let q be (-3 + 2/1)*(6 + -7). Suppose -113 = -5*a + 2*f, -a - f + q + h = 0. List the prime factors of a.
3, 7
Suppose 32*p - 49*p + 19550 = 0. List the prime factors of p.
2, 5, 23
Let n(b) = -9*b - 10. Let a(v) = -7*v**2 - 2*v + 2. Let q be a(1). Let h be (-1)/(q/4 + 2). List the prime factors of n(h).
2, 13
Suppose 3*c = 2*y + 15, -5*y - 9 = 2*c - 0*c. Suppose 516 = 5*d - s, -2*d - 2*s = -0*s - 216. Suppose c*o + o = d. List the prime factors of o.
2, 13
Suppose -4*o - 3 = -5*m - 14, -5*o - 3*m = -23. Suppose -253 = -o*n + 95. List the prime factors of n.
3, 29
Suppose 4*q + 4*o = 9028, 13*o - 10*o = -5*q + 11285. List the prime factors of q.
37, 61
Let w = 14 + -16. Let q be (0 + w)*2/(-4). What are the prime factors of 2/((2/9)/q)?
3
List the prime factors of (11/1 + 1)/(84/6160).
2, 5, 11
Let v = 10 - 3. Let d = 11 - v. Suppose d*m - 21 = 3*m. List the prime factors of m.
3, 7
Let w(s) = 34*s**2 - 11*s + 89. List the prime factors of w(13).
2, 1423
Let v(m) be the third derivative of 17/24*m**4 - 5/6*m**3 + 4*m**2 + 0*m + 0. What are the prime factors of v(2)?
29
Let d be ((-352)/(-48))/((-4)/(-18)). Suppose t - 4*k - 34 - d = 0, -3*t = -k - 168. List the prime factors of t.
5, 11
Let d be ((-2)/4)/((-11)/242). Suppose -15*y + 84 = -d*y. What are the prime factors of y?
3, 7
Let w = 215 - -210. Suppose -2*m + w = 67. List the prime factors of m.
179
What are the prime factors of (3 - 7685/(-10))/((-4)/(-8))?
1543
Suppose -19*d + 15480 = -7*d. What are the prime factors of d?
2, 3, 5, 43
Let d = 19 + -31. Let a be (52/(-1))/(d/18). Suppose -4*p = -p - a. What are the prime factors of p?
2, 13
What are the prime factors of (-5 - 4)*(-67 - -1)?
2, 3, 11
Let f(c) = 2*c**3 - 10*c + 22. Let l be f(5). What are the prime factors of (l - 4 - 4)/2?
107
Let k(z) = -34*z - 186. What are the prime factors of k(-10)?
2, 7, 11
Let b = 1285 - 772. What are the prime factors of b?
3, 19
Suppose h + 26*m - 244 = 30*m, -h + 246 = -3*m. What are the prime factors of h?
2, 3, 7
Let h(d) = -505*d - 242. List the prime factors of h(-5).
3, 761
List the prime factors of (-6)/(-36)*-9 + 791/2.
2, 197
Let f = 25 - 31. Let n(l) = 6*l**2 - l**3 + l + 4*l**3 - 3*l - 2*l**3. List the prime factors of n(f).
2, 3
Let h be 2*(-3)/(-6) + -4. List the prime factors of 1 + 88*h/(-6).
3, 5
Suppose 5*c = -4*x + 103, 0*c + 26 = c - x. What are the prime factors of c?
23
Let v(l) = 817*l**2 + 7*l + 9. List the prime factors of v(-2).
13, 251
Let j = 2043 - 323. List the prime factors of j.
2, 5, 43
Suppose o - 15 = 5*z, -z - 14 - 31 = -3*o. Let w be -6*(2 + o/6). Let c = 36 + w. List the prime factors of c.
3
Let r(n) = 5*n**3 - 3*n**2. Let g(h) = 11*h**3 - 7*h**2 + h + 1. Let d(q) = 2*g(q) - 5*r(q). Let t be 6 - -24*(-5)/15. What are the prime factors of d(t)?
2, 13
Suppose 0*g = -2*g + 24. Let n(u) = -u**3 - 4*u**2 + 9*u + 8. Let x be n(-6). Suppose -x - g = -w. List the prime factors of w.
2, 19
Let g be (-13)/52 + (-338)/(-8). Let v be (-12)/g - (-107)/7. List the prime factors of ((-96)/(-36))/(2/v).
2, 5
Let f be 1 + (-4)/3 + 49/21. Suppose 2*a = -4*k + 44, 4*a - 8*a = -f*k + 2. What are the prime factors of k?
3
List the prime factors of (8/(-12))/((1/(-693))/1).
2, 3, 7, 11
Suppose -3 + 37 = 2*r. Let c = -9 + r. Suppose -19 = -y - c. What are the prime factors of y?
11
Suppose -2*p = 3*p + 10. Let u be (32/(-20))/(p/25). What are the prime factors of (u/15)/((-4)/(-108))?
2, 3
Let k = 1 + -5. List the prime factors of k/12 - (-1108)/12.
2, 23
Let s be 4*(2 + 85/(-20)). Let r(n) = -15*n - 16. List the prime factors of r(s).
7, 17
Suppose 2*h - 6*h = 48. Let z = 17 + h. Suppose -z*r + 65 = -25. List the prime factors of r.
2, 3
Suppose -1223 = -5*g - m, -5*m = -2*g - 2*g + 961. Suppose g = a + 50. Suppose -4*f + a = -26. List the prime factors of f.
5, 11
List the prime factors of (-30)/12*3330/(-25).
3, 37
Suppose 35*p = 46*p - 51007. List the prime factors of p.
4637
Let o be -2 + 3 - (8 - 4). Let t = 8 + o. Suppose 2*q + 3*r = -r + 56, 81 = 3*q + t*r. What are the prime factors of q?
2, 11
Suppose -3*a + 4*a = 3. Suppose 0 = 5*s - a*s + 12. Let z = s + 9. What are the prime factors of z?
3
Let x = 17 - 15. Let a(k) = 5 - 2*k - k**3 + 3*k - 2*k**x - 8 + 9*k. List the prime factors of a(-5).
2, 11
Let j = 35 + -33. Let w be (j + 10/(-4))*-4. Suppose -w*z + 88 = -2*o, 0*z + 3*z + 2*o = 152. What are the prime factors of z?
2, 3
Let t be 2 - 1*3/(-1). Suppose t*y + 4*f - 13 = -2, 13 = 3*y + 4*f. What are the prime factors of 1/(y + (-6)/(-5))?
5
Let k(s) = -2*s**3 + 3*s**2 - 11 + 10*s + 14*s**2 + 1 + s**2. List the prime factors of k(8).
2, 3, 11
Let q = 1122 + -910. List the prime factors of q.
2, 53
Let g(x) = -4 + 19*x**2 - 10 - 20*x**2 - 9 - 25*x. List the prime factors of g(-18).
103
Suppose -33227 = -29*g - 11709. List the prime factors of g.
2, 7, 53
Suppose -20*s - 4 = -22*s. Suppose -3*p = -s*p - 64. List the prime factors of p.
2
Let a be (-1411)/(-7) - (212/28 - 8). Let b = a - -139. What are the prime factors of b?
11, 31
Suppose 6 = -3*l + 6*l, 5*w - 4*l - 1082 = 0. Suppose -4*d - 5 = -5*h + w, 41 = h + d. What are the prime factors of h?
43
Let t(p) = 6*p**2 - 52*p - 1. Let v be t(9). Suppose v*f = 14*f + 756. List the prime factors of f.
2, 3, 7
Let i(s) = -56*s + 213. What are the prime factors of i(-14)?
997
Suppose -4*p = 2*n - 16, -2*p - 3*p + 7 = -4*n. Suppose 5*s + 4*c = 250 + 179, 0 = 4*s - n*c - 338. Suppose 3*x - 53 = s. What are the prime factors of x?
2, 23
Let x(c) = 6*c - 4. Let r be x(-6). Let m = 25 + r. Let i = 44 + m. List the prime factors of i.
29
Let j be (36 - 30)*4/6. Suppose j*k + 2*a - 994 = 0, 3*a - 989 = -5*k + k. What are the prime factors of k?
251
Let i = -5 - 55. Let p = i - -74. What are the prime factors of p?
2, 7
Let j be ((-3)/2)/((-9)/(-12)). List the prime factors of 4/j + (2 - 3) + 73.
2, 5, 7
Let v(t) = -t - 10. Let n be v(-12). Suppose 4*j - 82 = j + 4*p, n*j = -p + 51. List the prime factors of j.
2, 13
Suppose 0 = -4*r + b + 15, -4*b + b = -5*r + 10. Suppose 3*w + 10 = 2*p, -w + p = -0*w + r. Let n = w - -8. What are the prime factors of n?
2
Let p(y) = y**2 + 8*y - 142. What are the prime factors of p(24)?
2, 313
Suppose 123306 = 54*g - 40044. What are the prime factors of g?
5, 11
List the prime factors of (4180/12 + -8)*3.
1021
Let l = -65 - -79. Suppose a - 22 = l. List the prime factors of a.
2, 3
Let u = 4 + -4. Let o(r) = 3 + u - 1 - r. List the prime factors of o(-4).
2, 3
Suppose -t + 5*u = 3*t - 451, 2*t = 3*u + 227. Suppose -4*k + 147 = -t. Suppose 3*p - 2*g = 36 + 4, 4*g + k = 5*p. List the prime factors of p.
2
Let x = -3 + 11. Suppose -47 = -5*i + x. Suppose -26 = -z - i. List the prime factors of z.
3, 5
Suppose 0 = -5*x + 2*v + 25, -5*x = v - 5 - 5. Suppose 0 = 5*o - 5*q - 135, 0 = x*o - 2*q + 4*q - 56. Suppose -h + o = 3. List the prime factors of h.
19
Let l(b) = 70*b**2 - b + 1. Let t(s) = -s**3 + 2*s**2. Let d be t(1). Let m be